= -a**3 + 18*a**2 - 13*a - 36. Let k be o(r). What is the highest common factor of k and 8?
8
Let b(j) = 21*j - 14. Let x be b(8). Let q = x - 145. What is the highest common factor of 279 and q?
9
Suppose 578*d - 14609 = 142607. What is the greatest common factor of 76 and d?
4
Suppose 13*g + 4*f = 11*g + 842, 7*g + 3*f - 2958 = 0. What is the greatest common factor of g and 324?
9
Suppose a + 2*m - 775 - 1889 = 0, -3*a + 5*m + 7948 = 0. What is the highest common divisor of a and 64?
32
Let g = 3526 - 3510. What is the highest common factor of 80 and g?
16
Suppose -1 - 56 = -4*g - s, 0 = 5*g + 2*s - 72. Let p(v) = -2*v + 84. Let u be p(g). What is the greatest common divisor of 32 and u?
8
Let b = 32 - 5. Suppose -c = 5*u - 354, 4*c - 906 = -0*c + 14*u. Calculate the greatest common divisor of c and b.
9
Let h = -15 + 20. Suppose -382 - 118 = -5*k. Suppose k = h*w + 30. Calculate the greatest common divisor of w and 7.
7
Let o = -9303 + 10638. Calculate the greatest common divisor of 5 and o.
5
Let x be 2/5 - (-96)/10. Suppose 0 = x*d + 593 + 357. Let u = -82 - d. Calculate the highest common factor of u and 13.
13
Let t = 380 - 257. Let k = -147 + 321. Suppose 3*n - k = t. Calculate the greatest common divisor of n and 11.
11
Let l(i) = -2*i + 233. Let o be l(-11). What is the highest common factor of o and 85?
85
Let r be (1 - (0 + 4))/((-165)/(-110)). Let f(t) = -44*t**3 + 3*t**2 - 10. Let w be f(r). Calculate the greatest common divisor of 6 and w.
6
Let r be ((-4)/(-8))/(2/172). Let f(b) = 87*b**2 + 1135*b + 53. Let p be f(-13). What is the greatest common divisor of p and r?
1
Suppose 41*s = 38*s - 4*t + 32, -4 = 4*t. Suppose 952 = -s*f + 16*f. Calculate the greatest common factor of f and 34.
34
Let c be (169/39)/((-1)/3). Let u(k) = 4*k + 62. Let a be u(c). What is the greatest common divisor of 230 and a?
10
Suppose -8 = -4*g, z - 11*g + 15*g - 24 = 0. Let a be (-3 - (8 + -13)) + z/2. Calculate the greatest common factor of 430 and a.
10
Suppose 3*r + 4*y + 13 = 17, r + y = 4. Calculate the greatest common divisor of 45840 and r.
12
Let p = 11 + -10. Let b(i) = i**2 - 2*i - 30. Let j be b(-6). Calculate the highest common factor of p and j.
1
Let p be 3/3 + 368/8. Suppose -p*a - 3696 = -63*a. What is the greatest common factor of 105 and a?
21
Suppose -4*a - 77*l = -82*l - 4656, -a + 3*l = -1164. What is the greatest common divisor of 3 and a?
3
Let w(v) = v**3 - 5*v**2 + 3*v - 6. Suppose 9 = n + 4. Let f be w(n). Suppose -42 = 8*j - f*j. Calculate the greatest common divisor of j and 6.
6
Suppose l = 5*y + 42 - 177, -4*y + 4*l + 124 = 0. Let g = -8 + 2. Let c = 19 + g. What is the greatest common factor of y and c?
13
Let c(z) = z**3 + 41*z**2 + 31*z + 135. Let q be c(-39). Calculate the highest common factor of 8 and q.
8
Let o be (3 - (4 + -1))/3. Suppose 4*u + 5*w - 674 = o, -w - 334 = -2*u - 5*w. Calculate the greatest common factor of 19 and u.
19
Let h be 8/6 - 119922/(-414). Calculate the highest common divisor of 485 and h.
97
Let j(h) = 25*h - 351. Let k be j(15). Suppose 3*w - 4*b - 772 = -0*b, -3*b = 2*w - 543. Calculate the highest common factor of w and k.
24
Suppose 27142 = 207*a + 2509. Suppose -p = -7 - 1. Suppose -2*t + 3*x - p*x + 9 = 0, 0 = x + 5. What is the highest common divisor of t and a?
17
Let h(i) = -28*i - 2. Let f be h(-1). Let t(q) = 5*q**2 - 6. Let d be t(-4). Suppose d = 5*m - 121. What is the highest common divisor of f and m?
13
Let p = -6280 - -6336. What is the highest common divisor of p and 100?
4
Let g = 677 + -671. Let j = -46 - -75. Let x = j + 37. What is the greatest common divisor of x and g?
6
Let m be 1*(88 + 3 + -6). Let s = -75 + m. Calculate the highest common factor of s and 20.
10
Suppose 3*v - 1529 = -r, 3*v - 3*r - 752 = 793. Calculate the highest common divisor of 7 and v.
7
Let r = 9678 + -5327. Suppose -10*w - 741 = -r. Calculate the greatest common divisor of 38 and w.
19
Suppose -z - 9 = 0, 0*o - z + 150 = 3*o. What is the highest common divisor of 8321 and o?
53
Let r(m) = 127*m**2 - 2*m + 1. Let c(p) = 2*p + 28. Let s be c(-14). Suppose 5*n + 30 - 35 = s. Let w be r(n). What is the greatest common divisor of 42 and w?
42
Suppose 4*s + 369 = 1617. Let z(u) = 10*u**2 + 6*u - 13. Let b be z(2). What is the greatest common divisor of b and s?
39
Suppose s = 6*s - 10. Suppose -p = 4*p + 4*n - 17, -1 = s*p - n. Let h be -1*(-40)/(6 - 2)*p. What is the highest common divisor of 15 and h?
5
Suppose -s = 6, 23*s = -5*f + 20*s + 22917. What is the greatest common factor of f and 33?
33
Suppose 2*u = -c + 11816, u + 2790 + 32658 = 3*c. What is the highest common divisor of 56 and c?
56
Let j = 51 - 48. Suppose -j*g = 2*x - 59, -g + 54 = g + 5*x. Let n be (10/30)/((-1)/(-663)). What is the greatest common factor of n and g?
17
Suppose 3*s - x - 21 = 75, -3*s - 2*x = -96. Suppose s = -3*z + 158. Suppose 1764 = 14*a + 294. Calculate the highest common divisor of z and a.
21
Let c(s) = -2*s + 6. Let n be c(2). Suppose -n*v - 10*v + 3060 = 0. What is the highest common factor of 17 and v?
17
Let v = 289066 - 289054. Let c be (-3)/((-9)/(-4))*-3. Let n be (1 - -2)*c/3. What is the greatest common divisor of n and v?
4
Suppose -31*t - 3*t = -102. Suppose -3*q - 306 + 1241 = 4*u, 3*q = t*u - 675. Calculate the highest common factor of 92 and u.
46
Let l be 735/(-63)*(-276)/4. What is the highest common divisor of l and 175?
35
Let n be (-3 - 765/27)/((-44)/198). Calculate the highest common factor of n and 72474.
141
Let w(l) = -l**2 - 36*l + 44. Let r be w(-37). Let i(k) = 3*k**2 + 6 + 17*k - 5*k - 4*k**2. Let o be i(r). What is the greatest common divisor of o and 164?
41
Let g(q) = 16*q + 940. Let r be g(-57). Let h = -10 + 109. Let i be (-4)/18 - (-4180)/h. Calculate the greatest common divisor of r and i.
14
Suppose z + 0*z = 125. Let y be (-16 - -65) + -5 + 14. Suppose -y*u = -3663 + 763. Calculate the highest common divisor of u and z.
25
Suppose -72*m = -110*m - 74*m + 53088. Calculate the highest common factor of m and 26781.
237
Let j be 9/12*224/(-140)*-30. Let d = -103 + 265. What is the greatest common factor of d and j?
18
Suppose u = -5, 3*n = -5*u + 17 + 6. Suppose 2*k - 102 = 1187*h - 1185*h, 4*h = -5*k + 300. What is the greatest common factor of n and k?
8
Suppose -149*f + 996 = -145*f. Let b = -219 + f. Calculate the highest common divisor of b and 50.
10
Let a = 67 - 58. Suppose 99 = 2*z - 9. Suppose z = -4*j + 7*j. Calculate the highest common divisor of j and a.
9
Suppose 0 = r - 0*r - 5*a - 7732, 10*a - 7627 = -r. Calculate the greatest common divisor of r and 358.
179
Suppose -3*t - 64*v + 68*v - 11 = 0, 5*t - 5*v + 10 = 0. Suppose b - d - 15 = 8, -t*d = -b + 13. What is the greatest common divisor of 21 and b?
7
Suppose 7*h - 12*h + 90 = 0. Let l = h - 7. Suppose 2*a - 4*j - 5 = -3*a, 0 = -3*a + 5*j + 3. What is the greatest common factor of l and a?
1
Suppose -4*j = 7 - 15. Suppose j*a + 2*l + 2 = 0, -24 = -3*a + 5*l + 13. Suppose -a*o - 6*o = -300. Calculate the greatest common factor of 5 and o.
5
Suppose -4*v + 18 = 54. Let d be (-92)/v + (-38)/171. Let w be (5 - 0) + 6/((-36)/(-30)). What is the greatest common divisor of w and d?
10
Let b(a) = a**2 + 7*a - 32. Let q(x) = -3*x + 13. Let i be q(3). Let c be b(i). Calculate the highest common factor of 28 and c.
4
Let l = 109 + -97. Suppose -l = 3*x, 0*x - 32 = -i + x. Calculate the greatest common divisor of 16 and i.
4
Let c = -25113 - -25401. Suppose -5*k - 4*u - 179 = 0, -k - 30 = -2*u + 3. Let o = k + 67. What is the greatest common divisor of c and o?
32
Let d = -5236 - -8248. What is the highest common factor of d and 36?
12
Let g be 3/6 + 106/4. Suppose 0 = -4*a - 2*a + 196 + 398. Calculate the highest common divisor of g and a.
9
Let y = 20183 - 20069. Calculate the highest common factor of 894 and y.
6
Suppose 0 = 4*h - 36, -6*j + 145*h + 31320 = 141*h. What is the greatest common factor of 13 and j?
13
Suppose 6*h = 3*h - 6. Suppose 526*m = 516*m - 30. Let y be (7 + h)*((-42)/(-30) - m). What is the highest common factor of 11 and y?
11
Let u(w) = -w + 31. Let b be u(16). Let n = 54 - b. Let i be 2 - 18/(-6) - -7 - 48/8. Calculate the greatest common factor of i and n.
3
Let z(x) = 3*x**2 - 6*x + 